 u?
5
Suppose 0 = s - m, -s + 6*s = 2*m - 3. Let n(a) = -2*a**3 + a**2 + 2*a + 1. Let o be n(s). Calculate the greatest common factor of 14 and o.
2
Let y(o) = -8*o**3 - o**2 + o. Let b be y(1). Let f(r) = -33*r. Let a be f(b). Suppose 0*k + 4*k = a. What is the highest common factor of k and 6?
6
Let o be (0 - 3/(-6))*-8. Let y = 0 + -2. Let q be y - -8 - o/2. What is the greatest common factor of q and 32?
8
Let b(p) = p**2 + 12*p + 5. Let q be b(-12). Suppose u = q*c + 14, c + 26 = 5*u - 2*c. Calculate the highest common factor of 44 and u.
4
Suppose -3*d + 2*i = -24, 3*d - 10 = 3*i + 17. Let t = 9 - d. Suppose -3*m = -5*p + 29, -t*p = -2*p - 3*m - 1. What is the highest common factor of p and 35?
7
Suppose -111 = -4*y + y - 5*l, -4*y = l - 148. Let o be (2/2)/((-4)/(-5 - -105)). Let h = y + o. What is the greatest common factor of 6 and h?
6
Let w be 2 - -3*2/3. Let c(j) = -j**2 + 6*j - 3. Let g be c(w). What is the highest common divisor of g and 2?
1
Let p be (0 + -2)*(-3 - -1). Suppose 0 = o + p*o - 60. Let w = 63 - 45. Calculate the highest common factor of o and w.
6
Let d = -2 - -35. What is the highest common factor of d and 44?
11
Suppose l - 3*v = 154, 3*l - 2*v = 2*v + 472. Suppose -3*r + 10 = 2*r. Suppose r*f = 33 - 1. Calculate the highest common divisor of l and f.
16
Suppose 0 = 3*a + 33 + 66. Suppose 238 = 2*n - 5*y, 2*y - 81 = -n + 29. Let s = a + n. What is the greatest common divisor of s and 9?
9
Suppose 0 = 4*p - 99 + 11. What is the greatest common factor of 22 and p?
22
Let v be 2/8*-1 - (-146)/8. What is the greatest common divisor of v and 12?
6
Let n = 82 - 49. Calculate the greatest common divisor of 264 and n.
33
Suppose -5*r + 4*f + 65 = 0, 2*r + 4 = 3*r + f. Let m = r - 0. What is the highest common divisor of 1 and m?
1
Suppose -5*l - 26 = -61. What is the greatest common factor of l and 28?
7
Let l be 3/(((-45)/12)/(-5)). Let k be (l/5)/2*30. Calculate the greatest common divisor of 24 and k.
12
Suppose 5*y - 43 - 237 = 0. What is the greatest common factor of 8 and y?
8
Let z(m) = 12*m**2 + 7*m - 4. Let o be z(4). Calculate the greatest common divisor of 24 and o.
24
Suppose 2*n + o + 25 = 130, -2*n = 2*o - 108. Calculate the greatest common divisor of n and 17.
17
Let p = 13 - 4. Suppose -j + 4*j - 6 = 0. Suppose 4*s = 2*q - 146, s + j*s = -4*q + 336. What is the greatest common factor of p and q?
9
Let c(a) = a + 7. Let m be c(-6). What is the greatest common factor of m and 5?
1
Let f(w) = -w**2 + 9*w + 3. Let c be f(7). What is the highest common factor of 68 and c?
17
Suppose -2*y + 9 + 17 = 0. Suppose 4*g + 3*s - 43 = -0*g, g + 3*s - y = 0. What is the highest common divisor of g and 10?
10
Suppose 3*l - 62 - 32 = 4*n, -2 = 2*n. Let f be (1 - 0)/(1/2). Suppose -3*x + 150 = 5*y - 0*y, 3*y + 81 = f*x. What is the highest common divisor of x and l?
15
Let l = 12 + -9. Suppose l*m + 12 = 57. Calculate the highest common factor of m and 6.
3
Suppose -r = -5*r + 792. Calculate the greatest common divisor of r and 18.
18
Suppose 3*c = -0*c + 39. Let d = -2 + 3. Let p be 104*(d - (-1)/(-2)). Calculate the greatest common factor of c and p.
13
Let w = 7 + 6. Let n = 1 + w. Let v = 376 - 264. Calculate the highest common factor of v and n.
14
Let s(w) = 4*w**2 + 2*w**2 - 4*w**2 - 6. Let y be s(-5). Suppose 0 = 2*v - 4 - 4. Calculate the greatest common factor of v and y.
4
Let r = 0 - 15. Let j be (-1)/(-2) + r/(-10). What is the greatest common factor of 1 and j?
1
Let f be 1056/8*6/9. What is the greatest common divisor of f and 11?
11
Let x = -12 - -18. Calculate the greatest common divisor of 3 and x.
3
Let x = -55 - -301. Suppose -358 = -4*i - 2*c, -4*c - x = -2*i - 82. Let p = 38 + -27. What is the highest common divisor of i and p?
11
Suppose 0 = 4*x + 3*b - 535 - 89, 137 = x - 4*b. Calculate the greatest common divisor of x and 17.
17
Let n = -42 + 82. Suppose -2*v = -6*v + n. Calculate the greatest common factor of v and 30.
10
Let c be 3/(-9) + 42/18. What is the greatest common divisor of 10 and c?
2
Let y(w) = w**2 + 12*w + 2. Let c be y(-10). Let l = c - -90. Suppose -z - 3 = 0, -z - z - 51 = -5*h. What is the greatest common factor of l and h?
9
Suppose -3*u = 5*l - 6*u - 41, 5*l = -4*u + 27. Let p be 4/(-6) - 56/(-3). Suppose -4*m = -l*m + p. What is the highest common divisor of m and 36?
6
Let h be 400/6*(-24)/(-16). Calculate the greatest common divisor of h and 20.
20
Let z = -59 - -65. Let s(i) = -2*i**3 - 3*i**2 - i - 2. Let h be s(-2). Let q = h + 2. Calculate the greatest common divisor of q and z.
6
Let k be 2/4 - 15/(-2). Let z = -5 - -25. What is the greatest common factor of k and z?
4
Suppose 4*w + 0*w - 56 = 0. Suppose 4*g = -2 + w. Suppose -g*t - 1 = -37. What is the highest common divisor of t and 4?
4
Let d(g) = -g**3 - 6*g**2 + 5. Let a be d(-6). Suppose -3*b - a*p = -2*b - 51, p + 47 = 2*b. What is the highest common divisor of b and 13?
13
Let n be (-2)/(44/(-334)) + 2/(-11). Calculate the greatest common factor of n and 15.
15
Let j(b) = 9*b - 6. Let y be j(8). Suppose h = 4*h - y. Calculate the highest common factor of 66 and h.
22
Suppose -4*v - 71 = -379. What is the highest common divisor of 22 and v?
11
Suppose 3*o + v - 49 = 0, -3*o - 21 = -4*o - 5*v. Calculate the greatest common factor of 24 and o.
8
Let i = 47 + -119. Let w be (i/(-16))/(3/8). Calculate the highest common divisor of 12 and w.
12
Let p be (-64)/10*200/(-16). Calculate the greatest common factor of 32 and p.
16
Suppose 7*x = 2*x - 2*u + 176, -3*x + 114 = -3*u. Calculate the highest common divisor of x and 12.
12
Let o be (-6)/(-10) - (-84)/(-15). Let h be ((-120)/75)/(1/o). What is the greatest common divisor of h and 72?
8
Suppose 156 = 2*d + 58. Let w(g) = g**2 - 5*g + 7. Let z be w(5). What is the greatest common divisor of d and z?
7
Suppose 0*a - 2*a + 210 = 0. Let c = a - 17. Calculate the highest common factor of 22 and c.
22
Suppose -v + 2*n - 12 = 0, -5*v - 9 = n + 7. Let j be ((-6)/v)/((-15)/(-100)). Let i be (-1805)/(-20) - 1/4. What is the highest common factor of i and j?
10
Suppose 78 = 2*r + 4*r. What is the greatest common factor of r and 117?
13
Let p be 242/(-66)*3*-2. What is the highest common divisor of p and 4?
2
Suppose 0 = 5*w + 3*v - 160, -w + 3*v + 36 = 4. What is the highest common factor of 96 and w?
32
Let u(j) = j - 25. Let r be u(0). Let k = 61 + r. Let t be -3 + 1*30 + -3. Calculate the highest common factor of t and k.
12
Suppose 0 = 5*p - 5*r - 160, -5*r = -15 - 5. Let c be (-2)/9 + 8/p. Let a be (2 - (c + -11))*1. Calculate the greatest common divisor of 117 and a.
13
Suppose 5*l = -2*i + 43, -i - 4*i = -4*l - 25. Let j be ((-54)/4)/((-2)/12). What is the highest common factor of j and i?
9
Let c(p) = -15*p - 1. Let t be c(-1). Let v be -3 - 10*(-3)/6. Calculate the highest common factor of t and v.
2
Suppose 4*o + 5 = -35. Let n = o + 15. Suppose 0*r - 92 = -3*r + 5*b, b + 124 = n*r. What is the highest common factor of 8 and r?
8
Suppose -5*i = -h - 0*i + 6, -5*h + 82 = i. Let x = 26 - h. What is the highest common divisor of 15 and x?
5
Let w = 103 - 26. Calculate the greatest common factor of w and 11.
11
Let i = 223 - 111. Let p = -3 + 17. What is the highest common factor of i and p?
14
Suppose 3*y = -3*m + 6, -y - 2*m - 2 = m. Let w be -1 + y - -1*53. Calculate the greatest common divisor of 7 and w.
7
Let c be (45/(-18) + -1)/((-2)/4). Calculate the highest common factor of 63 and c.
7
Let t be 4/(-8) + 3/2. Calculate the highest common factor of 3 and t.
1
Suppose -3*h - b + 8 = 1, 2*b - 6 = 2*h. Suppose -3*k + 3 = g, 4*g = -4*k + 3 + h. Calculate the highest common factor of 3 and k.
1
Suppose u = 5*z, 2*u = 7*u - 2*z - 23. Suppose -107 = -u*w + 3. What is the highest common factor of 55 and w?
11
Suppose 0 = 5*i - 3*n - n - 26, -9 = -i - 3*n. What is the greatest common divisor of i and 18?
6
Suppose -v = -5 - 1. Let g(l) = -l - 2. Let z be g(2). Let n be (-1)/z + (-213)/(-12). Calculate the highest common factor of v and n.
6
Let n = 144 + -126. Let i = 78 + -42. Calculate the highest common divisor of i and n.
18
Let m = -78 - -123. Calculate the highest common divisor of 30 and m.
15
Suppose 4*w = 2*p + 26, 8*w + p - 22 = 3*w. Suppose 0 = 4*f - 51 - 